 is a(4)?
-108
Let i(z) = -12*z**2 - 975*z - 6711. Give i(-7).
-474
Let g(a) = 7907*a + 767016. Determine g(-97).
37
Let l(o) = -13743*o**2 + 96192*o + 41. What is l(7)?
-22
Let v(q) = -20*q**2 + 149*q + 458. Give v(10).
-52
Let s(r) = -26*r**2 - 9683*r - 4107. Determine s(-372).
-15
Let o(q) = -53*q**3 - 748*q**2 - 59*q + 353. What is o(-14)?
3
Let b(m) = 131*m**2 - 20*m + 127. Give b(3).
1246
Let t(q) = -108*q - 3915. Give t(-36).
-27
Let u(g) = 20*g**2 - 4810*g + 78024. Determine u(223).
-26
Let n(x) = -7*x**2 + 2280*x + 2938. What is n(327)?
-5
Let y(r) = 3*r**2 - 92*r - 4555. Give y(-27).
116
Let y(k) = 35*k**2 - 42*k + 337. What is y(11)?
4110
Let v(r) = 81*r**3 - 34*r**2 + 10*r - 26. What is v(4)?
4654
Let v(c) = c**2 - 40418*c + 323352. Give v(8).
72
Let v(m) = -352*m**3 + 91*m**2 - m + 8. What is v(2)?
-2446
Let o(b) = -b**3 + 119*b**2 - 207*b - 1062. Give o(117).
2097
Let w(b) = -4*b**3 - 43*b**2 - 4394*b - 53446. Calculate w(-12).
2
Let u(d) = 3959*d - 6273. Give u(1).
-2314
Let o(x) = -2*x**2 - 1467*x - 137588. Calculate o(-623).
95
Let d(m) = -3273*m - 39233. Calculate d(-12).
43
Let c(b) = -2*b**3 + 33*b**2 - 86*b - 49. What is c(10)?
391
Let t(p) = -13699*p**2 + 2602804*p + 1121. Calculate t(190).
-19
Let g(n) = -2*n**2 - 290*n - 9076. What is g(-47)?
136
Let z(i) = -209*i**2 + 2101*i - 106. Give z(10).
4
Let w(u) = -1229*u - 93167. Give w(-76).
237
Let d(h) = 80204*h - 1684282. Calculate d(21).
2
Let v(g) = g**3 - 46*g**2 + 59*g + 1310. What is v(44)?
34
Let m(p) = p**3 - 12*p**2 - 419*p + 5552. Calculate m(15).
-58
Let n(j) = 23379*j + 420910. Calculate n(-18).
88
Let w(b) = -2*b**2 + 1092*b - 79122. Calculate w(86).
-2
Let l(o) = -o**2 + 19222*o - 1149570. Determine l(60).
150
Let t(w) = -242*w**2 + 152708*w - 3793. Calculate t(631).
-7
Let i(q) = q**3 - 103*q**2 - 173*q - 2869. What is i(105)?
1016
Let w(k) = 285*k + 23682. Give w(-83).
27
Let w(s) = -27*s**2 + 1552*s + 23661. Calculate w(70).
1
Let s(g) = g**3 - 8*g**2 + 935390*g - 7483114. What is s(8)?
6
Let x(u) = 4*u**2 - 2221*u + 36485. Give x(17).
-116
Let p(x) = x**2 + 10063*x - 50350. Determine p(5).
-10
Let p(h) = 2*h**3 - 1943*h**2 + 99088*h + 108. What is p(54)?
0
Let a(l) = 21*l**2 + 5416*l + 108571. Give a(-236).
11
Let t(s) = 2663713*s - 26637141. Calculate t(10).
-11
Let h(z) = 565*z - 12521. Give h(23).
474
Let i(h) = -h**3 + 481*h**2 + 3868*h + 21506. Give i(489).
-10
Let f(h) = 319*h - 1453. Give f(5).
142
Let b(h) = -2*h**2 - 1179*h - 173710. What is b(-290)?
0
Let x(r) = -4*r**2 - 15546*r - 46631. Calculate x(-3).
-29
Let v(d) = -d**2 + 7357*d - 14715. Determine v(2).
-5
Let v(u) = 2942*u - 73533. What is v(25)?
17
Let x(r) = 13*r**3 - 422*r**2 + 199*r + 45. What is x(32)?
269
Let d(w) = 2076*w + 6043. What is d(-3)?
-185
Let l(q) = 431*q + 3112. Calculate l(8).
6560
Let v(i) = 173*i**2 - 257*i - 175. Calculate v(2).
3
Let o(f) = -f**2 + 246*f - 812. Calculate o(242).
156
Let f(s) = 3*s**2 - 141*s - 2002. Give f(59).
122
Let v(q) = -4719*q**2 - 37489*q + 9. Give v(-8).
-2095
Let w(j) = j**3 + 30*j**2 + 76*j + 191. Calculate w(-30).
-2089
Let w(b) = 2*b**3 - 116*b**2 - 1510*b + 92552. What is w(57)?
-16
Let d(s) = -7967*s - 31833. Determine d(-4).
35
Let x(k) = -2567*k - 15412. Calculate x(-6).
-10
Let w(x) = -12*x**2 + 362*x - 2492. Determine w(20).
-52
Let y(m) = m**2 - 22463*m - 922662. What is y(-41)?
2
Let j(a) = 6*a**2 + 13480*a - 108149. Give j(8).
75
Let q(j) = -2*j**3 + 61*j**2 - 10*j - 483. Give q(30).
117
Let h(t) = -20*t**2 + 101*t + 794. Give h(-7).
-893
Let g(r) = 77046*r + 31. Calculate g(0).
31
Let w(o) = 7*o**2 + 3901*o + 122099. Give w(-524).
7
Let s(k) = 1106*k + 8778. Calculate s(-8).
-70
Let i(g) = -g**3 + 83*g**2 - 810*g + 75049. Give i(84).
-47
Let y(o) = 3*o**3 + 5*o**2 + 586*o + 5909. Calculate y(-8).
5
Let x(w) = w**2 - 254*w - 6943. Give x(-25).
32
Let n(s) = s**3 + 119*s**2 - 583*s + 3991. Calculate n(-124).
-597
Let o(y) = -16*y**3 + 393*y**2 - 222*y + 114. Determine o(24).
-30
Let f(m) = -2747799*m - 13738994. What is f(-5)?
1
Let z(w) = -503*w + 55347. Calculate z(110).
17
Let z(s) = -s**3 - 268*s**2 + 167*s + 44742. What is z(-268)?
-14
Let u(z) = 2*z**2 - 764*z + 13080. Determine u(364).
-24
Let b(p) = -p**3 - 126*p**2 - 692*p - 10305. What is b(-121)?
222
Let v(l) = 120968*l - 120967. Determine v(1).
1
Let t(y) = 2*y**2 + 669*y - 19908. What is t(-362)?
2
Let m(o) = -4*o**3 + 1713*o**2 - 49627*o + 782. What is m(397)?
-12
Let r(o) = -2133904*o + 9. Give r(0).
9
Let l(o) = -2*o**3 + 300*o**2 + 1426*o - 169710. Determine l(151).
14
Let b(k) = 66*k**2 + 1418*k + 673. Give b(-21).
1
Let j(l) = 67*l + 25807. Calculate j(-391).
-390
Let i(z) = 4*z**3 + 160*z**2 - 1474*z - 502. Give i(8).
-6
Let s(m) = 402056*m - 32566530. Give s(81).
6
Let x(f) = 87*f**2 - 2560*f + 81. What is x(30)?
1581
Let d(x) = 9*x + 341. Determine d(-59).
-190
Let n(f) = 7*f**3 + 87*f**2 + 208*f + 2069. Determine n(-12).
5
Let l(y) = -y**3 + 102*y**2 - 2563*y - 1028. Determine l(47).
6
Let o(g) = -2*g**3 + 3*g**2 + 371*g + 1119. Give o(-3).
87
Let j(a) = a**2 - 383*a + 18878. What is j(58)?
28
Let z(d) = -2*d**2 + 1299*d + 50841. Determine z(-37).
40
Let g(x) = 112*x - 944. Give g(19).
1184
Let m(u) = u**3 - 35*u**2 - 275*u + 11260. Give m(33).
7
Let u(r) = -4401*r + 31593. Give u(7).
786
Let g(d) = -8*d**3 - 175*d**2 + 146*d - 6284. Determine g(-24).
4
Let m(d) = -2*d**2 + 440*d + 3716. Determine m(229).
-406
Let p(u) = 16423500*u + 16423496. Give p(-1).
-4
Let z(s) = 687008*s - 6183065. Give z(9).
7
Let i(v) = -359*v + 33198. Give i(77).
5555
Let m(n) = -16*n**2 + 9101*n - 27241. Give m(3).
-82
Let v(n) = -n**3 + 40*n**2 + 36385*n - 1455413. Determine v(40).
-13
Let o(d) = -5*d**2 + 21531*d - 768640. Give o(36).
-4
Let h(v) = -v**2 + 697*v - 4174. Calculate h(6).
-28
Let l(z) = z**3 + 18*z**2 + 93*z + 243. Calculate l(-13).
-121
Let d(r) = -10*r**2 + 346*r + 1833. Give d(39).
117
Let h(l) = -2684*l + 1175638. Give h(438).
46
Let s(v) = 43*v**2 + 835*v + 3073. Determine s(-5).
-27
Let v(h) = 1338*h**2 - 8655*h - 4980. Calculate v(7).
-3
Let v(w) = -29*w**2 + 107*w + 335. Calculate v(-2).
5
Let c(l) = l**3 + 25*l**2 - 2043*l - 44641. What is c(-21)?
26
Let g(t) = -2938*t - 33301. Give g(-11).
-983
Let d(i) = -239*i - 4937. Give d(-25).
1038
Let k(f) = -887*f + 89481. Determine k(101).
-106
Let o(t) = 17*t**3 - 308*t**2 + 38*t - 34. Determine o(18).
2
Let s(f) = f**3 - 13*f**2 - 470*f - 2533. Give s(-9).
-85
Let s(c) = -437*c**2 + 12244*c - 199. Give s(28).
25
Let d(p) = -30*p**2 - 5821*p + 11573. What is d(-196)?
9
Let n(m) = -6*m**2 - 755*m - 3623. What is n(-5)?
2
Let j(p) = 2*p**3 - 184*p**2 - 2270*p + 174. What is j(103)?
-238
Let h(k) = k**3 + 57*k**2 - 3234*k + 494. What is h(35)?
4
Let h(s) = 10*s**3 + 232*s**2 + 1338*s - 32. Give h(-12).
40
Let c(j) = -j**2 - 22*j + 946. Determine c(-41).
167
Let d(l) = -126*l - 52. What is d(-2)?
200
Let q(t) = t**2 - 93*t - 2777. Give q(-23).
-109
Let q(t) = 3*t**2 + 283*t - 591. Give q(-91).
-1501
Let g(m) = -m**2 - 870*m + 36389. Give g(40).
-11
Let s(o) = 773*o - 6729. Give s(10).
1001
Let o(s) = s**3 - 34*s**2 + 3235*s - 155749. What is o(43)?
-3
Let u(y) = 1820*y + 34461. Determine u(-19).
-119
Let m(r) = -r**3 + 240*r**2 + 751*r - 2671. What is m(243)?
2675
Let f(v) = -v**3 - 31*v**2 + 518*v. Give f(-43).
-86
Let c(r) = r**3 + 1421*r**2 - 50981*r - 30570. What is c(-1456)?
6
Let t(j) = 1716*j + 1776. Determine t(-1).
60
Let w(x) = -5031*x - 2545659. What is w(-506)?
27
Let u(j) = -j**3 + 473*j**2 + 1896*j - 38. Determine u(-4).
10
Let x(z) = 2*z**2 + 39*z - 2412. Calculate x(-58).
2054
Let w(z) = 94929*z - 15758209. Calculate w(166).
5
Let x(j) = -28*j**2 - 12004*j - 59353. What is x(-5)?
-33
Let u(s) = 20*s**3 - 259*s**2 + 24*s - 560. Calculate u(13).
-79
Let z(b) = b**2 - 2790*b - 121750. What is z(-43)?
69
Let r(v) = v**3 + 27*v**2 + 111*v - 167. What is r(-11)?
548
Let y(b) = 2*b**3 - 8*b**2 - 280*b + 1170. Calculate y(4).
50
Let a(d) = d**2 - 30195*d + 90596. Calculate a(3).
20
Let j(o) = 185*o**2 - 4453*o - 1. Calculate j(24).
-313
Let r(s) = 7*s**2 + 4636*s - 27815. What is r(6)?
253
Let l(m) = 74*m + 3052. Calculate l(-50).
-648
Let u(y) = y**3 - 647*y**2 + 2680*y - 69455. Give u(643).
-11
Let